5*v(f). Give a(p).
3
Let n(y) = -y**2 + 11*y - 13. Let w be n(9). Suppose 0*r + w*r = 15. Suppose 3 = -r*k - 0*k. Let i(x) = 8*x**3 + 1. Calculate i(k).
-7
Let l(o) be the first derivative of -o**4/12 - o**3/6 - 3*o**2/2 - 4. Let f(i) be the second derivative of l(i). Calculate f(-2).
3
Let u(g) be the second derivative of -g**4/6 - g**3 - g. Determine u(-4).
-8
Suppose -2 = -3*v - d, 2*v + 2*v + 4*d = -8. Suppose 2*c - 5*j = 23, -18 = v*c + 2*j - 6. Let l(a) = 10*a**3 - a**2 - a. Determine l(c).
-10
Let h(y) = y**2 - 2*y - 5. Suppose -6 = -3*v - 39. Let k = v + 15. Calculate h(k).
3
Let c(h) be the third derivative of 1/60*h**5 + 1/2*h**3 - h**2 + 0*h + 1/12*h**4 + 0. Let q = 28 + -31. Calculate c(q).
6
Let j be (-10)/((3 - 1)*-1). Let i = j - 3. Suppose 3*r - v = 6*r + 18, 0 = -2*r + i*v - 4. Let f(a) = -a**2 - 6*a - 1. Calculate f(r).
4
Let y(c) = -10*c + 3. Let d(f) = f - 4. Let a be d(6). Determine y(a).
-17
Let p(y) be the second derivative of -y**3/6 + y**2 + 2*y. Let t be p(0). Let k(w) = -7*w**t + 8*w**2 + 6 - 5*w + 4*w. Determine k(0).
6
Let r(b) = b**2 + 8*b + 2. Let z be r(-8). Let g(f) = 4*f**2 - 5 + 7 + z*f - f**3 + 1. Determine g(5).
-12
Suppose 6*w = w - 5*y - 10, 0 = -w + 3*y - 2. Let r(v) = -1 + 0 + 3*v - 1. Determine r(w).
-8
Let y be ((-6)/(-5))/(6/15). Let g(h) = 2*h - 2. What is g(y)?
4
Suppose 5*a + 9 = 2*a. Let z(b) be the second derivative of -b**4/6 - 2*b**3/3 + b**2/2 + 2*b. Calculate z(a).
-5
Let p(x) = -x**3 + x**2 - x + 1. Let q(t) be the first derivative of 3*t**4/2 - 7*t**3/3 + t**2/2 - 2*t - 3. Let a(f) = -5*p(f) - q(f). Determine a(3).
0
Let x(v) = 0 - 3*v + 5*v + 2 - 1. Calculate x(1).
3
Let p(i) be the second derivative of i**4/12 + i**3/6 - 3*i**2 - 49*i. Suppose 0*d - 3*d + 3 = 0. Let h be (-1 + d)*(1 - 2). What is p(h)?
-6
Suppose 0 = -u + 5*u - 24. Let b = 6 - u. Let d(t) = -t**2 - t + 8. What is d(b)?
8
Let u(n) = -n - 1. Let x = -6 + 5. Let o be -1 + (-1 + 1 - x). Determine u(o).
-1
Suppose 3*c + 3 + 0 = 3*b, -2*c = -5*b - 10. Let n(p) = 4*p + 19 - 20 - 5*p. What is n(c)?
4
Suppose -3*h + 12 = -3*s, 4*h - 17 = -4*s - 1. Let y(a) = 1 + h*a + a - 6*a. Determine y(2).
-1
Let p(g) = -g - 6. Suppose 0 = -j - 4*w + 10, 1 = 5*w - 9. Suppose 20 = -4*m - 3*x, -m + 2*x = -j*m - 5. What is p(m)?
-1
Let k(r) = -3*r - 6 - 3*r + 7*r. Suppose 5*a + t = 25, -2*a + 6*a + t - 19 = 0. Determine k(a).
0
Suppose -2 = -5*j - 12. Let s(u) = 5*u + 1. Calculate s(j).
-9
Let p(z) = 6*z. Suppose 1 = -6*b - 5. Determine p(b).
-6
Let f(q) be the second derivative of -q**3/3 - q**2/2 + 47*q. Give f(2).
-5
Let l(i) = 2*i - 5. Let t(o) be the third derivative of o**4/24 - o**3/6 - o**2. Let b(v) = -l(v) + t(v). Let q be -1 + 1*4 + 2. What is b(q)?
-1
Let s(b) = 2*b - 27. Let c(j) = j - 13. Let r(o) = 13*c(o) - 6*s(o). Calculate r(4).
-3
Let u(r) = -r**2 + r - 5. Suppose 0*l = 4*l. Determine u(l).
-5
Let o(s) = -2*s. Let g be -12*(15/9 - 1). Let h be g/6 - 2/(-6). Give o(h).
2
Let b(l) = 5*l**3 - 10*l**2 + 5*l - 3. Let r(x) = -4*x**3 + 9*x**2 - 4*x + 2. Let o(p) = -5*b(p) - 6*r(p). Give o(-3).
-3
Let l(n) = -7*n**2 - n. Let q = -1 + 6. Suppose -6*t + q*t = -1. Determine l(t).
-8
Let v(c) = -c**3 - 3*c**2 - 1. Suppose 4*o = -h - 14, 5*o - h + 4 = -9. Determine v(o).
-1
Let q be -1*(-1)/(-1)*-1. Suppose 0 = 5*x - 2*u - 106, 74 = x + 3*x + 2*u. Let w(d) = 11*d + 0 - x*d + 1. Calculate w(q).
-8
Let l(m) = -3 - m**2 - 5*m + 1 + 0*m**2. Let w(u) be the second derivative of u**4/12 + u**3/6 - u**2 + 2*u. Let f be w(0). Calculate l(f).
4
Let q(l) be the first derivative of l**2/2 - 4*l + 1. Let f be q(4). Let v(g) = 9*g + f - 1 + 0. Determine v(1).
8
Let w(h) = h**3 - 6*h**2 - 5. Suppose -4*l + 2 = 6. Let n be l*30*3/(-9). Let c be (6*-1)/(-11 + n). Give w(c).
-5
Let v(l) = -l + 1. Let s(k) = -4*k + 7. Let n(w) = s(w) - 3*v(w). What is n(7)?
-3
Let g(s) = s**2 + 2. Let c be g(0). Let b(v) = v**3 + 5*v**2 + 0*v**3 + v**c - 2*v**2 + 4*v + 1. Determine b(-3).
-2
Let d(y) = -y**2 + 5*y + 3. Let h = -28 + 34. What is d(h)?
-3
Let u be (-2 + 5)/1 + -1. Let q be 0 + 10/u - 0. Let d(o) be the second derivative of o**5/20 - o**4/3 - o**3 - o**2/2 + o. What is d(q)?
-6
Let l = -4 + -1. Let z(q) = 5*q**3 + 31*q**2 - 25*q + 21. Let i(r) = 4 - 2*r - 4*r + r + r**3 + 6*r**2. Let p(c) = -11*i(c) + 2*z(c). What is p(l)?
-2
Let v(d) = d**2 - d - 2. Let o(q) = -2*q**2 + 4*q + 7. Let t(a) = 2*o(a) + 7*v(a). Let h = 6 + -7. Give t(h).
2
Let u be (-3)/12 - 2/(-8). Suppose -2*w - 3*d = 4, 4*d = -4*w - u*d - 12. Let z(v) = -2 - v**2 - 6*v - 3 + 0*v**2. What is z(w)?
0
Let a = -4 + 9. Suppose 3*p - a = r + 5, p = -4*r - 14. Let t(w) = -2 - w**2 - 6*w**3 + 5*w**p + 5*w**3 - 2*w. Determine t(2).
2
Let a(t) = -t - 4. Let s(o) = o**3 - 6*o**2 - 7*o - 7. Let z be s(7). Calculate a(z).
3
Let k(p) = -6*p**3 - p**2 - p - 1. Let b be k(-1). Let h be 4/(-10) - (-2)/b. Let w(s) = 3 - 1 + h - s. Calculate w(0).
2
Let d(i) = -i + 4. Let z be d(4). Suppose z = 2*f - 0*t - t - 10, 3*f - 4*t = 20. Let a(y) = -f*y - 1 - y + y + 3*y. What is a(-1)?
0
Let s(g) = g - 1. Let r(y) = 7*y - 9. Let i(d) = -r(d) + 6*s(d). Calculate i(4).
-1
Let y(l) = 5*l - 1. Suppose 3*v - 15 = -2*v. Suppose 2*g - 3*b + 14 = b, -v*b + 11 = -g. Determine y(g).
4
Let g = 145 + -142. Let f(r) be the first derivative of -r**2/2 - 2*r + 1. What is f(g)?
-5
Let t(b) = 0 + 3 + 6 - 8 - 7*b - b**2. Calculate t(-6).
7
Let c(g) = g**2 - 1 + 3*g**3 - 4*g**3 + 0*g + g. Let s(z) = -z**2 + 5*z + 3. Let b be s(6). Let q = 5 + b. Give c(q).
-3
Let p = 2 + 0. Let z(f) = 2 - p*f + 2 - 4. Determine z(4).
-8
Let h(f) = -f**3 + 3*f**2 - 3*f. Suppose a - 8 = -3*a. What is h(a)?
-2
Let x(g) = g**2 + 1. Let c(k) = -k**2 + 1. Let r(q) = -6*q**2 + q - 2. Let f(p) = -3*c(p) + r(p). Let j(t) = 2*f(t) + 9*x(t). Calculate j(1).
4
Let s(j) = -12*j**3 - 13*j**2 + 11. Let p(q) = -6*q**3 - 6*q**2 + 5. Let c(z) = 9*p(z) - 4*s(z). Determine c(1).
-7
Let k(d) = 3*d - 6. Let r(a) = 1 + 3*a - 5*a - 2. Let w be r(5). Let f = w - -15. What is k(f)?
6
Let d be 6*(-1)/1*1. Let s(a) = -a**2 - 5*a + 1. Let z be s(d). Let p(w) = -w**3 - 4*w**2 + 4*w - 1. Give p(z).
4
Let f(m) = m - 8. Let v be 2/1 + -11 + -3. Let h = v + 16. Determine f(h).
-4
Suppose a - 6*a = -4*y - 28, 0 = -2*a - y + 6. Let t be 2/a*(-1 - -5). Let n(i) = t*i**2 - 2 + 1 + 0 - 2*i. Determine n(2).
3
Let q(n) = n**3 - n**2 + 2. Let r(j) = -2*j**3 + j - 3. Let f(i) = 3*q(i) + 2*r(i). Let s(v) = -12*v + 129. Let m be s(11). What is f(m)?
-6
Let l(i) = -3*i**2 + 6*i + 7. Let x(j) = -j**2 + j + 1. Let t be -2*2*(-1)/4. Let g(p) = t*l(p) - 2*x(p). Calculate g(4).
5
Let l(h) be the first derivative of h**2/2 + 6*h - 8. Suppose 9 + 3 = -3*q. Determine l(q).
2
Suppose -g - 1 + 8 = 0. Let d(b) = b - 6. Give d(g).
1
Let h(p) = -4 + 0 - 8*p + 3. Calculate h(-1).
7
Let x = 22 - 18. Let d(g) = -g**2 + 6*g - 5. What is d(x)?
3
Let f = -5 - -12. Let w(i) = -i**2 + 7*i - 3. Let l be w(5). Let t(q) = -q - f + l. Determine t(-5).
5
Suppose -2*c + d + 10 = 3*d, -d = -3. Suppose c = -3*r + 4*r. Let b(s) = -1 + 0*s**2 + 10*s**3 - 3*s + 4*s + s**r. Determine b(1).
11
Let m(g) = g + 9. Let c be 1/(5/(-70)*2). Determine m(c).
2
Let x(f) = -f**2 + f + 5. Suppose -5*h = 2*t - 35, -5*h + 2*t - 3 = -18. Let o = h - 6. Let i be (2 + -2)/(o - -3). Determine x(i).
5
Suppose -5*s + 2*s = -36. Let v(w) = w + 6*w**2 + s*w**3 + 4*w**2 - 12*w**2. Let c be 4/12 + (-4)/(-6). Calculate v(c).
11
Let p(d) = -d**2 - 2*d + 4. Let w = 7 + -9. Let v be (-104)/(-6)*3/w. Let i be (v/(-6) - 3)*-3. What is p(i)?
-4
Let s(f) = -22*f + 1 + 36*f - 22*f. Give s(3).
-23
Let r(w) be the first derivative of -w**5/60 + w**4/6 - 2*w**3 + 6. Let l(h) be the third derivative of r(h). Calculate l(-3).
10
Let n(b) = b**3 + 1 + 0 + b**2 - 4*b**2. Let i = 67 + -47. Suppose 5*k - i = k - 4*l, 13 = 5*k - l. What is n(k)?
1
Suppose 0*l = -l. Let c(w) = w**2 + 6. Determine c(l).
6
Let u(h) = 3*h + 4 - 11*h + h**2 + h + 2*h. Let s = -10 + 15. What is u(s)?
4
Let x(r) be the first derivative of 1/3*r**3 + r - 3 - 5/2*r**2. Determine x(5).
1
Let s(u) = -u**2 - 2*u. Suppose 0 = -n + 6*n - b - 170, 5*n - 185 = 4*b. Suppose -5*r + 1 + 19 = 0. Suppose 2*z = -9*o + 4*o - n, r*o + 20 = 0. Give s(z).
-8
Let p(a) be the second derivative of 1/3*a**3 + 2*a + 1